11010010
In base 6, what is 112 + 2111412?
2111524
In base 11, what is 79 - -4047?
4115
In base 16, what is fa + 609?
703
In base 16, what is 12465e - 4d5?
124189
In base 15, what is 2 - -db261a?
db261c
In base 13, what is -6a + -131a8?
-13245
In base 10, what is 20 + -8203944?
-8203924
In base 9, what is 16 - 1205210?
-1205183
In base 7, what is -45526243 - -6?
-45526234
In base 9, what is -88 + -7431674?
-7431773
In base 5, what is -21214122302 - -4?
-21214122243
In base 2, what is -1001000 - 100101010101100011001?
-100101010101101100001
In base 10, what is 12565429 + 0?
12565429
In base 11, what is 28 - 756579a?
-7565772
In base 8, what is -104 - 655624?
-655730
In base 9, what is 6478 - 33823?
-26334
In base 11, what is -4 - 3260272?
-3260276
In base 2, what is -10 + -100000101011111001100110100?
-100000101011111001100110110
In base 12, what is -37119 - 2230?
-39349
In base 4, what is 1121 - -23202110120?
23202111301
In base 14, what is -220 + 805c?
7c3c
In base 15, what is b + -1e1124?
-1e1118
In base 8, what is 13325071616 - 5?
13325071611
In base 8, what is -5 - -1007522?
1007515
In base 7, what is 435 - 110502?
-110034
In base 6, what is -105 + 154450224?
154450115
In base 9, what is -1258560 - 10?
-1258570
In base 2, what is 1101110000 + -11110001011110?
-11100011101110
In base 2, what is 10100000111011100 - 100011001011?
10011100100010001
In base 5, what is -3340331 - 224?
-3341110
In base 13, what is -8604 - -111?
-84c3
In base 3, what is 10 + 110122002102202102?
110122002102202112
In base 5, what is -1300430213 - -13?
-1300430200
In base 15, what is 643 + -69bc?
-6379
In base 9, what is -5 - -36762727?
36762722
In base 16, what is f06d + -92a?
e743
In base 3, what is 201202101122002022 - 11?
201202101122002011
In base 11, what is -1157 + 2425?
1279
In base 14, what is 238bdd - -1?
238c00
In base 16, what is -2 - -7c62112?
7c62110
In base 6, what is -1211 + -115302043?
-115303254
In base 2, what is 11101111110000111111000 - 101?
11101111110000111110011
In base 8, what is 136261034 + -11?
136261023
In base 16, what is -3e3 + -d599?
-d97c
In base 4, what is -122 + -23210011111?
-23210011233
In base 7, what is -21266 + -3160?
-24456
In base 16, what is 4935e + 6d?
493cb
In base 14, what is 135bdb + -d9?
135b02
In base 9, what is -4 + 20310168?
20310164
In base 13, what is 3 - 25cb82?
-25cb7c
In base 4, what is 10101023 - 111330?
3323033
In base 9, what is -14230 - 624?
-14854
In base 7, what is -1210 + 645461?
644251
In base 14, what is a6d - -13c74?
14903
In base 7, what is 5113 - -56150?
64263
In base 4, what is 120001200033021 + 2?
120001200033023
In base 7, what is -1533235444 - 1?
-1533235445
In base 16, what is -9fab - 30?
-9fdb
In base 2, what is 100110110111010000 + -111110011010?
100101111000110110
In base 7, what is 2563 - 443001?
-440105
In base 11, what is -27955 + 439?
-27517
In base 15, what is -5 + e7d3b5?
e7d3b0
In base 9, what is 416732616 - 11?
416732605
In base 4, what is 132222 - -202000?
1000222
In base 9, what is -463203725 - -3?
-463203722
In base 10, what is 1 + 1941441?
1941442
In base 8, what is -3572477 + 2?
-3572475
In base 15, what is -69b07 - 1ae?
-69cb6
In base 6, what is -3 - -254203525?
254203522
In base 14, what is -5 + 33b9150?
33b9149
In base 13, what is -5 - c74774b?
-c747753
In base 5, what is 11 - -1434441134?
1434441200
In base 11, what is 3840a - -9?
38418
In base 8, what is 2070364604 - -3?
2070364607
In base 12, what is -1883b3 - 760?
-188b53
In base 15, what is -9e45 + -50d?
-a453
In base 3, what is 20211102020021110 + 100?
20211102020021210
In base 2, what is 100001 + -111001010111110011101?
-111001010111101111100
In base 12, what is 242 + 167328?
16756a
In base 2, what is 1 - -110011111101100000100011100?
110011111101100000100011101
In base 14, what is -1b702c3 + -4?
-1b702c7
In base 7, what is 3 + 11636016443?
11636016446
In base 7, what is -365646144 - 2?
-365646146
In base 16, what is -2ee - 2f45?
-3233
In base 3, what is 0 + 1200222000102021?
1200222000102021
In base 14, what is -c - 5592c1?
-5592cd
In base 5, what is -4 + 34421242212?
34421242203
In base 14, what is 0 - -361644?
361644
In base 10, what is 4462614 + 14?
4462628
In base 5, what is -10 + -20212240141?
-20212240201
In base 12, what is -134b110 - -2?
-134b10a
In base 13, what is 15105 - -67c?
15784
In base 14, what is d79078d - 2?
d79078b
In base 16, what is 1445d8 - -5?
1445dd
In base 11, what is -4 - 2004336?
-200433a
In base 4, what is 20113323 + -20010?
20033313
In base 5, what is -1204 + -123011014?
-123012223
In base 7, what is 5 - 1262144343?
-1262144335
In base 5, what is -34232211430 + -4?
-34232211434
In base 16, what is -196 + -2526?
-26bc
In base 8, what is 4 - -33066337?
33066343
In base 14, what is 33cada - -5?
33cb01
In base 14, what is -2205 + 3cc?
-1c17
In base 12, what is -5 + 3a0a27?
3a0a22
In base 14, what is 59a204 + -c?
59a1d6
In base 10, what is 8097 - -2359?
10456
In base 16, what is -da02 - 5ae?
-dfb0
In base 14, what is -19 + -41470?
-41489
In base 9, what is -230784 + 13?
-230771
In base 5, what is 20124323 - 2031?
20122242
In base 13, what is 2341 + -1917?
727
In base 13, what is -3719c6b + 4?
-3719c67
In base 7, what is 45165 - -2243?
50441
In base 16, what is 4 + -2023a80?
-2023a7c
In base 5, what is 33111001 - -1122?
33112123
In base 9, what is -42721101 + 4?
-42721086
In base 14, what is -121a6a1 - -5?
-121a69a
In base 12, what is 47161 - 264?
46ab9
In base 7, what is -22 + 2523265?
2523243
In base 6, what is -340 - -513344?
513004
In base 7, what is -1231635215 - 31?
-1231635246
In base 9, what is 0 + -385546?
-385546
In base 2, what is 100 - -101100100100110010?
101100100100110110
In base 13, what is 49 - -1a194?
1a210
In base 4, what is 10302322132 + -11?
10302322121
In base 10, what is 80683 + -399?
80284
In base 16, what is 73d4 + -b1?
7323
In base 4, what is 0 - 230012133?
-230012133
In base 15, what is -1 - -1a37133d?
1a37133c
In base 15, what is 334 + -16171?
-15d3c
In base 8, what is 50547542 - -4?
50547546
In base 3, what is 12 - -1001211011111?
1001211011200
In base 4, what is -21303000201 + -10010?
-21303010211
In base 2, what is 1010000100101000010010100001 + -101?
1010000100101000010010011100
In base 3, what is -122010012100 + -120?
-122010012220
In base 2, what is 1000011110001001 + 1010000?
1000011111011001
In base 3, what is 20021011222221002 - 12?
20021011222220220
In base 4, what is -1000031330222 - 2?
-1000031330230
In base 5, what is 11221023 - 230?
11220243
In base 13, what is -1 - -8422176?
8422175
In base 13, what is 712 - 31b350?
-31a93b
In base 13, what is 2755 + -174c5?
-14a70
In base 16, what is -2172 - -118d?
-fe5
In base 6, what is 31053 - 341230?
-310133
In base 14, what is 3 - -64318aa?
64318ad
In base 12, what is -1 - -58009716?
58009715
In base 14, what is 23a1d31b - -5?
23a1d322
In base 11, what is 1 - 498a49a7?
-498a49a6
In base 8, what is 7 + -5530167?
-5530160
In base 16, what is 7d47 - 17c?
7bcb
In base 12, what is 2 - 502a513?
-502a511
In base 15, what is 6 + -407ddc2?
-407ddbb
In base 16, what is -349 - 3d4f1?
-3d83a
In base 7, what is 213035 - 460?
212245
In base 7, what is -2 - -214066430?
214066425
In base 11, what is -378a796 - -4?
-378a792
In base 8, what is 4274 + 1513?
6007
In base 6, what is 1003 - -4402400?
4403403
In base 7, what is -4 - 21400616?
-21400623
In base 9, what is 8367188 - -5?
8367204
In base 14, what is -1 + -3a3423?
-3a3424
In base 14, what is 5 + 9d541ca?
9d541d1
In base 7, what is 2016 + 2362432?
2364451
In base 13, what is 1501 + 4632?
5b33
In base 11, what is -173 + 106a40?
106878
In base 6, what is -4 + -2355314425?
-2355314433
In base 7, what is 2 + 450300132?
450300134
In base 6, what is -3233155 + -1023?
-3234222
In base 12, what is -24886 + 598?
-242aa
In base 8, what is 15017 - -172715?
207734
In base 4, what is 111 + -122320003313?
-122320003202
In base 3, what is -120100112 + 11002?
-120012110
In base 4, what is 111211000 - -22031?
111233031
In base 7, what is 1404462 + 2204?
1406666
In base 10, what is 12549 + -2700?
9849
In base 10, what is 9966 + 652?
10618
In base 8, what is -2 - 227250620?
-227250622
In base 12, what is -305 - 25b562?
-25b867
In base 13, what is 60 - -330b1?
33141
In base 11, what is -3222